[INFO] fetching crate tc-executor 0.8.0...
[INFO] building tc-executor-0.8.0 against master#ff34b919075f35a1787659e9c448a34b06bab8de for issue-85264
[INFO] extracting crate tc-executor 0.8.0 into /workspace/builds/worker-8/source
[INFO] validating manifest of crates.io crate tc-executor 0.8.0 on toolchain ff34b919075f35a1787659e9c448a34b06bab8de
[INFO] running `Command { std: "/workspace/cargo-home/bin/cargo" "+ff34b919075f35a1787659e9c448a34b06bab8de" "metadata" "--manifest-path" "Cargo.toml" "--no-deps", kill_on_drop: false }`
[INFO] started tweaking crates.io crate tc-executor 0.8.0
[INFO] finished tweaking crates.io crate tc-executor 0.8.0
[INFO] tweaked toml for crates.io crate tc-executor 0.8.0 written to /workspace/builds/worker-8/source/Cargo.toml
[INFO] running `Command { std: "/workspace/cargo-home/bin/cargo" "+ff34b919075f35a1787659e9c448a34b06bab8de" "generate-lockfile" "--manifest-path" "Cargo.toml" "-Zno-index-update", kill_on_drop: false }`
[INFO] running `Command { std: "/workspace/cargo-home/bin/cargo" "+ff34b919075f35a1787659e9c448a34b06bab8de" "fetch" "--manifest-path" "Cargo.toml", kill_on_drop: false }`
[INFO] running `Command { std: "docker" "create" "-v" "/var/lib/crater-agent-workspace/builds/worker-8/target:/opt/rustwide/target:rw,Z" "-v" "/var/lib/crater-agent-workspace/builds/worker-8/source:/opt/rustwide/workdir:ro,Z" "-v" "/var/lib/crater-agent-workspace/cargo-home:/opt/rustwide/cargo-home:ro,Z" "-v" "/var/lib/crater-agent-workspace/rustup-home:/opt/rustwide/rustup-home:ro,Z" "-e" "SOURCE_DIR=/opt/rustwide/workdir" "-e" "CARGO_TARGET_DIR=/opt/rustwide/target" "-e" "CARGO_HOME=/opt/rustwide/cargo-home" "-e" "RUSTUP_HOME=/opt/rustwide/rustup-home" "-w" "/opt/rustwide/workdir" "-m" "1610612736" "--user" "0:0" "--network" "none" "ghcr.io/rust-lang/crates-build-env/linux@sha256:20528e8c29e4536546f0102ce88568b16ea7538393a33fcca951030f7af10457" "/opt/rustwide/cargo-home/bin/cargo" "+ff34b919075f35a1787659e9c448a34b06bab8de" "metadata" "--no-deps" "--format-version=1", kill_on_drop: false }`
[INFO] [stdout] 1179bc7acff05e7e5b8a271701dadd7ec980b36c65178216af26e0a20d2c5788
[INFO] [stderr] WARNING: Your kernel does not support swap limit capabilities or the cgroup is not mounted. Memory limited without swap.
[INFO] running `Command { std: "docker" "start" "-a" "1179bc7acff05e7e5b8a271701dadd7ec980b36c65178216af26e0a20d2c5788", kill_on_drop: false }`
[INFO] running `Command { std: "docker" "inspect" "1179bc7acff05e7e5b8a271701dadd7ec980b36c65178216af26e0a20d2c5788", kill_on_drop: false }`
[INFO] running `Command { std: "docker" "rm" "-f" "1179bc7acff05e7e5b8a271701dadd7ec980b36c65178216af26e0a20d2c5788", kill_on_drop: false }`
[INFO] [stdout] 1179bc7acff05e7e5b8a271701dadd7ec980b36c65178216af26e0a20d2c5788
[INFO] running `Command { std: "docker" "create" "-v" "/var/lib/crater-agent-workspace/builds/worker-8/target:/opt/rustwide/target:rw,Z" "-v" "/var/lib/crater-agent-workspace/builds/worker-8/source:/opt/rustwide/workdir:ro,Z" "-v" "/var/lib/crater-agent-workspace/cargo-home:/opt/rustwide/cargo-home:ro,Z" "-v" "/var/lib/crater-agent-workspace/rustup-home:/opt/rustwide/rustup-home:ro,Z" "-e" "SOURCE_DIR=/opt/rustwide/workdir" "-e" "CARGO_TARGET_DIR=/opt/rustwide/target" "-e" "CARGO_INCREMENTAL=0" "-e" "RUST_BACKTRACE=full" "-e" "RUSTFLAGS=--cap-lints=forbid" "-e" "CARGO_HOME=/opt/rustwide/cargo-home" "-e" "RUSTUP_HOME=/opt/rustwide/rustup-home" "-w" "/opt/rustwide/workdir" "-m" "1610612736" "--user" "0:0" "--network" "none" "ghcr.io/rust-lang/crates-build-env/linux@sha256:20528e8c29e4536546f0102ce88568b16ea7538393a33fcca951030f7af10457" "/opt/rustwide/cargo-home/bin/cargo" "+ff34b919075f35a1787659e9c448a34b06bab8de" "build" "--frozen" "--message-format=json", kill_on_drop: false }`
[INFO] [stdout] 9ea2bb6041dc8e137cac85ecff4bdf1980a5e844b4868853709069bd40f77a06
[INFO] [stderr] WARNING: Your kernel does not support swap limit capabilities or the cgroup is not mounted. Memory limited without swap.
[INFO] running `Command { std: "docker" "start" "-a" "9ea2bb6041dc8e137cac85ecff4bdf1980a5e844b4868853709069bd40f77a06", kill_on_drop: false }`
[INFO] [stderr]    Compiling proc-macro2 v1.0.27
[INFO] [stderr]    Compiling libc v0.2.95
[INFO] [stderr]    Compiling byteorder v1.4.3
[INFO] [stderr]    Compiling arrayvec v0.5.2
[INFO] [stderr]    Compiling subtle v2.4.0
[INFO] [stderr]    Compiling log v0.4.14
[INFO] [stderr]    Compiling tetcore-std v2.0.2
[INFO] [stderr]    Compiling futures-task v0.3.15
[INFO] [stderr]    Compiling hex v0.4.3
[INFO] [stderr]    Compiling futures-io v0.3.15
[INFO] [stderr]    Compiling either v1.6.1
[INFO] [stderr]    Compiling futures-util v0.3.15
[INFO] [stderr]    Compiling hashbrown v0.9.1
[INFO] [stderr]    Compiling crypto-mac v0.8.0
[INFO] [stderr]    Compiling pbkdf2 v0.4.0
[INFO] [stderr]    Compiling hmac v0.8.1
[INFO] [stderr]    Compiling regex-automata v0.1.9
[INFO] [stderr]    Compiling block-buffer v0.7.3
[INFO] [stderr]    Compiling pbkdf2 v0.3.0
[INFO] [stderr]    Compiling uint-crate v0.9.0
[INFO] [stderr]    Compiling sha2 v0.8.2
[INFO] [stderr]    Compiling tracing-log v0.1.2
[INFO] [stderr]    Compiling tetsy-trie-db v0.22.3
[INFO] [stderr]    Compiling quote v1.0.9
[INFO] [stderr]    Compiling getrandom v0.1.16
[INFO] [stderr]    Compiling parking_lot_core v0.8.3
[INFO] [stderr]    Compiling getrandom v0.2.3
[INFO] [stderr]    Compiling chrono v0.4.19
[INFO] [stderr]    Compiling twasmi v0.6.2
[INFO] [stderr]    Compiling num_cpus v1.13.0
[INFO] [stderr]    Compiling backtrace v0.3.59
[INFO] [stderr]    Compiling rand_core v0.6.2
[INFO] [stderr]    Compiling syn v1.0.72
[INFO] [stderr]    Compiling rand_core v0.5.1
[INFO] [stderr]    Compiling parking_lot v0.11.1
[INFO] [stderr]    Compiling rand_chacha v0.3.0
[INFO] [stderr]    Compiling matchers v0.0.1
[INFO] [stderr]    Compiling rand_pcg v0.2.1
[INFO] [stderr]    Compiling rand_chacha v0.2.2
[INFO] [stderr]    Compiling once_cell v1.7.2
[INFO] [stderr]    Compiling panic-handler v2.0.2
[INFO] [stderr]    Compiling rand v0.8.3
[INFO] [stderr]    Compiling rand v0.7.3
[INFO] [stderr]    Compiling thread_local v1.1.3
[INFO] [stderr]    Compiling tetsy-fixed-hash v0.7.0
[INFO] [stderr]    Compiling libsecp256k1 v0.3.5
[INFO] [stderr]    Compiling twox-hash v1.6.0
[INFO] [stderr]    Compiling synstructure v0.12.4
[INFO] [stderr]    Compiling serde_derive v1.0.126
[INFO] [stderr]    Compiling zeroize_derive v1.1.0
[INFO] [stderr]    Compiling impl-trait-for-tuples v0.2.1
[INFO] [stderr]    Compiling debug-derive v2.0.2
[INFO] [stderr]    Compiling ref-cast-impl v1.0.6
[INFO] [stderr]    Compiling tracing-attributes v0.1.15
[INFO] [stderr]    Compiling futures-macro v0.3.15
[INFO] [stderr]    Compiling tetsy-util-mem-derive v0.1.0
[INFO] [stderr]    Compiling thiserror-impl v1.0.25
[INFO] [stderr]    Compiling dyn-clonable-impl v0.9.0
[INFO] [stderr]    Compiling derive_more v0.99.14
[INFO] [stderr]    Compiling async-trait v0.1.50
[INFO] [stderr]    Compiling dyn-clonable v0.9.0
[INFO] [stderr]    Compiling ref-cast v1.0.6
[INFO] [stderr]    Compiling zeroize v1.3.0
[INFO] [stderr]    Compiling merlin v2.0.1
[INFO] [stderr]    Compiling curve25519-dalek v2.1.2
[INFO] [stderr]    Compiling curve25519-dalek v3.1.0
[INFO] [stderr]    Compiling secrecy v0.7.0
[INFO] [stderr]    Compiling thiserror v1.0.25
[INFO] [stderr]    Compiling tiny-bip39 v0.8.0
[INFO] [stderr]    Compiling tracing v0.1.26
[INFO] [stderr]    Compiling futures-executor v0.3.15
[INFO] [stderr]    Compiling serde v1.0.126
[INFO] [stderr]    Compiling futures v0.3.15
[INFO] [stderr]    Compiling toml v0.5.8
[INFO] [stderr]    Compiling serde_json v1.0.64
[INFO] [stderr]    Compiling tetsy-impl-serde v0.3.1
[INFO] [stderr]    Compiling impl-serde v0.3.1
[INFO] [stderr]    Compiling tracing-serde v0.1.2
[INFO] [stderr]    Compiling schnorrkel v0.9.1
[INFO] [stderr]    Compiling ed25519-dalek v1.0.1
[INFO] [stderr]    Compiling tetcore-bip39 v0.4.2
[INFO] [stderr]    Compiling proc-macro-crate v0.1.5
[INFO] [stderr]    Compiling tracing-subscriber v0.2.18
[INFO] [stderr]    Compiling serializer v2.0.2
[INFO] [stderr]    Compiling tetsy-scale-codec-derive v2.0.1
[INFO] [stderr]    Compiling tp-runtime-interface-proc-macro v2.0.2
[INFO] [stderr]    Compiling tp-api-proc-macro v2.0.2
[INFO] [stderr]    Compiling tetsy-scale-codec v2.0.1
[INFO] [stderr]    Compiling tetsy-impl-codec v0.5.0
[INFO] [stderr]    Compiling tetcore-storage v2.0.2
[INFO] [stderr]    Compiling tetcore-wasm-interface v2.0.2
[INFO] [stderr]    Compiling tetcore-tracing v2.0.2
[INFO] [stderr]    Compiling arithmetic v2.0.2
[INFO] [stderr]    Compiling tetsy-primitive-types v0.9.0
[INFO] [stderr]    Compiling externalities v0.8.2
[INFO] [stderr]    Compiling tetsy-util-mem v0.9.0
[INFO] [stderr]    Compiling tp-runtime-interface v2.0.2
[INFO] [stderr]    Compiling tetsy-memory-db v0.26.0
[INFO] [stderr]    Compiling tet-core v2.0.2
[INFO] [stderr]    Compiling tp-trie v2.0.2
[INFO] [stderr]    Compiling tp-keystore v0.8.1
[INFO] [stderr]    Compiling tp-allocator v2.0.2
[INFO] [stderr]    Compiling tc-executor-common v0.8.0
[INFO] [stderr]    Compiling tp-state-machine v0.8.2
[INFO] [stderr]    Compiling tc-executor-twasmi v0.8.0
[INFO] [stderr]    Compiling tet-io v2.0.2
[INFO] [stderr]    Compiling tet-application-crypto v2.0.2
[INFO] [stderr]    Compiling tp-tasks v2.0.1
[INFO] [stderr]    Compiling tp-runtime v2.0.2
[INFO] [stderr]    Compiling tp-version v2.0.2
[INFO] [stderr]    Compiling tp-api v2.0.2
[INFO] [stderr]    Compiling tc-executor v0.8.0 (/opt/rustwide/workdir)
[INFO] [stderr]     Finished dev [unoptimized + debuginfo] target(s) in 4m 40s
[INFO] running `Command { std: "docker" "inspect" "9ea2bb6041dc8e137cac85ecff4bdf1980a5e844b4868853709069bd40f77a06", kill_on_drop: false }`
[INFO] running `Command { std: "docker" "rm" "-f" "9ea2bb6041dc8e137cac85ecff4bdf1980a5e844b4868853709069bd40f77a06", kill_on_drop: false }`
[INFO] [stdout] 9ea2bb6041dc8e137cac85ecff4bdf1980a5e844b4868853709069bd40f77a06
[INFO] running `Command { std: "docker" "create" "-v" "/var/lib/crater-agent-workspace/builds/worker-8/target:/opt/rustwide/target:rw,Z" "-v" "/var/lib/crater-agent-workspace/builds/worker-8/source:/opt/rustwide/workdir:ro,Z" "-v" "/var/lib/crater-agent-workspace/cargo-home:/opt/rustwide/cargo-home:ro,Z" "-v" "/var/lib/crater-agent-workspace/rustup-home:/opt/rustwide/rustup-home:ro,Z" "-e" "SOURCE_DIR=/opt/rustwide/workdir" "-e" "CARGO_TARGET_DIR=/opt/rustwide/target" "-e" "CARGO_INCREMENTAL=0" "-e" "RUST_BACKTRACE=full" "-e" "RUSTFLAGS=--cap-lints=forbid" "-e" "CARGO_HOME=/opt/rustwide/cargo-home" "-e" "RUSTUP_HOME=/opt/rustwide/rustup-home" "-w" "/opt/rustwide/workdir" "-m" "1610612736" "--user" "0:0" "--network" "none" "ghcr.io/rust-lang/crates-build-env/linux@sha256:20528e8c29e4536546f0102ce88568b16ea7538393a33fcca951030f7af10457" "/opt/rustwide/cargo-home/bin/cargo" "+ff34b919075f35a1787659e9c448a34b06bab8de" "test" "--frozen" "--no-run" "--message-format=json", kill_on_drop: false }`
[INFO] [stdout] 670b7a00251504eca186e1541bb178124ca4922b45135d7375ef26e00f0423f6
[INFO] [stderr] WARNING: Your kernel does not support swap limit capabilities or the cgroup is not mounted. Memory limited without swap.
[INFO] running `Command { std: "docker" "start" "-a" "670b7a00251504eca186e1541bb178124ca4922b45135d7375ef26e00f0423f6", kill_on_drop: false }`
[INFO] [stderr]    Compiling leb128 v0.2.4
[INFO] [stderr]    Compiling hex-literal v0.3.1
[INFO] [stderr]    Compiling assert_matches v1.5.0
[INFO] [stderr]    Compiling wast v35.0.2
[INFO] [stderr]    Compiling wat v1.0.37
[INFO] [stderr]    Compiling tc-executor v0.8.0 (/opt/rustwide/workdir)
[INFO] [stdout] error[E0432]: unresolved import `tetcore_test_runtime`
[INFO] [stdout]    --> src/wasm_runtime.rs:376:6
[INFO] [stdout]     |
[INFO] [stdout] 376 |     use tetcore_test_runtime::Block;
[INFO] [stdout]     |         ^^^^^^^^^^^^^^^^^^^^ use of undeclared crate or module `tetcore_test_runtime`
[INFO] [stdout] 
[INFO] [stdout] 
[INFO] [stdout] error[E0432]: unresolved import `tc_runtime_test`
[INFO] [stdout]   --> src/integration_tests/mod.rs:27:5
[INFO] [stdout]    |
[INFO] [stdout] 27 | use tc_runtime_test::wasm_binary_unwrap;
[INFO] [stdout]    |     ^^^^^^^^^^^^^^^ use of undeclared crate or module `tc_runtime_test`
[INFO] [stdout] 
[INFO] [stdout] 
[INFO] [stdout] error[E0432]: unresolved import `tc_tracing`
[INFO] [stdout]    --> src/integration_tests/mod.rs:670:6
[INFO] [stdout]     |
[INFO] [stdout] 670 |     use tc_tracing::{SpanDatum, TraceEvent};
[INFO] [stdout]     |         ^^^^^^^^^^ use of undeclared crate or module `tc_tracing`
[INFO] [stdout] 
[INFO] [stdout] 
[INFO] [stdout] error[E0432]: unresolved import `tc_runtime_test`
[INFO] [stdout]   --> src/lib.rs:68:6
[INFO] [stdout]    |
[INFO] [stdout] 68 |     use tc_runtime_test::wasm_binary_unwrap;
[INFO] [stdout]    |         ^^^^^^^^^^^^^^^ use of undeclared crate or module `tc_runtime_test`
[INFO] [stdout] 
[INFO] [stdout] 
[INFO] [stdout] error[E0433]: failed to resolve: use of undeclared crate or module `tetcore_test_runtime`
[INFO] [stdout]    --> src/native_executor.rs:635:3
[INFO] [stdout]     |
[INFO] [stdout] 635 |         tetcore_test_runtime::api::dispatch,
[INFO] [stdout]     |         ^^^^^^^^^^^^^^^^^^^^ use of undeclared crate or module `tetcore_test_runtime`
[INFO] [stdout] 
[INFO] [stdout] 
[INFO] [stdout] error[E0433]: failed to resolve: use of undeclared crate or module `tetcore_test_runtime`
[INFO] [stdout]    --> src/native_executor.rs:636:3
[INFO] [stdout]     |
[INFO] [stdout] 636 |         tetcore_test_runtime::native_version,
[INFO] [stdout]     |         ^^^^^^^^^^^^^^^^^^^^ use of undeclared crate or module `tetcore_test_runtime`
[INFO] [stdout] 
[INFO] [stdout] 
[INFO] [stdout] error[E0433]: failed to resolve: use of undeclared crate or module `tc_tracing`
[INFO] [stdout]    --> src/integration_tests/mod.rs:674:7
[INFO] [stdout]     |
[INFO] [stdout] 674 |     impl tc_tracing::TraceHandler for TestTraceHandler {
[INFO] [stdout]     |          ^^^^^^^^^^ use of undeclared crate or module `tc_tracing`
[INFO] [stdout] 
[INFO] [stdout] 
[INFO] [stdout] error[E0433]: failed to resolve: use of undeclared crate or module `tc_tracing`
[INFO] [stdout]    --> src/integration_tests/mod.rs:687:3
[INFO] [stdout]     |
[INFO] [stdout] 687 |         tc_tracing::ProfilingLayer::new_with_handler(
[INFO] [stdout]     |         ^^^^^^^^^^ use of undeclared crate or module `tc_tracing`
[INFO] [stdout] 
[INFO] [stdout] 
[INFO] [stdout] error: aborting due to 8 previous errors
[INFO] [stdout] 
[INFO] [stdout] 
[INFO] [stdout] Some errors have detailed explanations: E0432, E0433.
[INFO] [stdout] 
[INFO] [stdout] For more information about an error, try `rustc --explain E0432`.
[INFO] [stdout] 
[INFO] [stderr] error: could not compile `tc-executor`
[INFO] [stderr] 
[INFO] [stderr] To learn more, run the command again with --verbose.
[INFO] running `Command { std: "docker" "inspect" "670b7a00251504eca186e1541bb178124ca4922b45135d7375ef26e00f0423f6", kill_on_drop: false }`
[INFO] running `Command { std: "docker" "rm" "-f" "670b7a00251504eca186e1541bb178124ca4922b45135d7375ef26e00f0423f6", kill_on_drop: false }`
[INFO] [stdout] 670b7a00251504eca186e1541bb178124ca4922b45135d7375ef26e00f0423f6
